5 = 0, 3*w - 5*w + 4*g = 12. Suppose l*f - 14 = -w*f. Is 3 a factor of f?
False
Let a(b) = b**3 - 5*b**2 - 7*b + 7. Let z be a(6). Does 11 divide (-60)/25*(z + -6)?
False
Suppose 1 = -2*i - b - 0, 3*b = 15. Let x be (4 - 1)*(-2)/3. Is 3 a factor of 4 + 2/(x - i)?
True
Let w(y) = y**2 + 4*y - 7. Let l be w(-5). Let d be (-105)/10*l/3. Let m(r) = r**3 - 7*r**2 + 3*r + 9. Is 11 a factor of m(d)?
False
Let a(d) = 9*d + 3. Is 12 a factor of a(1)?
True
Let h(k) = k**3 + 7*k**2 - 11*k. Suppose 0 = 2*o - 8 - 14. Suppose -4*a = -o + 43. Is h(a) a multiple of 21?
False
Let b = -5 - -9. Let s = b - 2. Suppose g + 0 = s. Is 2 a factor of g?
True
Let v = 2 + 2. Is 2 a factor of v?
True
Suppose -5*y - 2*v + 44 = 0, 2*y + v - 3 = 14. Is y even?
True
Suppose -3*q + 105 + 6 = 0. Is q a multiple of 7?
False
Let z(f) be the third derivative of -19*f**4/24 + f**3/6 - 2*f**2. Let w be z(-5). Let k = w - 66. Is 15 a factor of k?
True
Let b be 235/30 - (-1)/6. Is 3 a factor of (-9 + 5)*(-6)/b?
True
Let v(o) = -1 - 2*o + 10*o**2 + 0 + 0*o**2 + 0*o. Is 14 a factor of v(2)?
False
Let v(c) = 2*c**2 - c + 4. Is v(-4) a multiple of 8?
True
Let t = 4 - -7. Suppose -3 = 3*b, -t = -4*r + 3*b + 12. Is r even?
False
Let z(m) = -m**3 + 4*m**2 + 8*m - 5. Is 5 a factor of z(5)?
True
Let p = 18 - 9. Is (-6)/p - 32/(-3) a multiple of 4?
False
Suppose -2*x + 7*x = 350. Is x a multiple of 10?
True
Suppose 0 = -2*v + 12 - 0. Let q be v/1*(-1)/(-1). Let a = q - 3. Is a a multiple of 2?
False
Suppose 0 = 3*k - 2*t - 176, 4*t - 99 = -2*k - 3. Is 4 a factor of k?
True
Let n(f) = -f**2 + f + 2. Let i be n(3). Let w = i + 3. Does 15 divide (-1 - -16)/(0 - w)?
True
Let r = 144 - 68. Is r a multiple of 19?
True
Is 6 a factor of (3 - 195/(-6)) + 4/8?
True
Suppose -b + 2 = -4. Suppose -2*y + b*y - 32 = 4*m, -12 = -2*y + 3*m. Does 12 divide y?
True
Suppose 3*c = 4*c - 64. Suppose 5*h - c = 26. Suppose -6*z - h = -8*z. Is 9 a factor of z?
True
Let n be 39/3 - (-4 - -3). Suppose 3*t - 2*t = n. Is 4 a factor of t?
False
Suppose 0*b = 4*b + 108. Let g = b - -56. Let m = g - 6. Is m a multiple of 8?
False
Let g = -7 - -12. Let x(d) = d**2 - 3 + 4 + 2 - 5*d. Is 3 a factor of x(g)?
True
Let b = -431 + 720. Is (-4)/24 - b/(-6) a multiple of 16?
True
Let w = -2 + 4. Suppose -w*f + 42 = 3*c, 3*c - 25 - 20 = -f. Is 8 a factor of c?
True
Suppose -2*a + 3*t = 4*t - 47, -72 = -3*a - 2*t. Suppose a + 32 = g. Is 14 a factor of g?
False
Let a be (-212)/12 + 3/(-9). Let r = -14 - a. Does 2 divide r?
True
Let s be -2 + 6*-1 + -2. Let p = s + 2. Does 13 divide ((-38)/p)/(2/8)?
False
Suppose -2*i + 6*i - 24 = 0. Let f(h) = -h**3 + 6*h**2 + h - 1. Let d be f(i). Is 7 a factor of (0 - d*-3) + 0?
False
Let c = 13 + -9. Does 3 divide (-6)/3 - (-40)/c?
False
Let w(u) = 14 - 14 - 5*u - 5*u. Is 13 a factor of w(-2)?
False
Let j be (2 - 8)*(-1)/6. Is 13 a factor of j - (6/3 + -14)?
True
Let q(l) = -l**3 - 2*l**2 + 2*l. Let w be q(-3). Suppose -n + w = -0*n. Suppose 5*t = 4*x - 1 + 45, 4*x + 28 = n*t. Is t a multiple of 4?
True
Suppose -4*t + 5*w + 12 + 0 = 0, -w = 2*t + 8. Let j be 4*((-5)/t)/5. Suppose 0 = -4*m + 2*k + 32, 3*m - j*k - 13 = 11. Is 8 a factor of m?
True
Suppose 3*q + 5*o = -5 + 52, 4*q - 44 = -2*o. Is 16 a factor of 87*(30/q)/5?
False
Let s be 0*2/(-1 - 1). Suppose -2*f - 18 + 60 = s. Is f a multiple of 9?
False
Let g be 26*(-2)/(4*-1). Let d = g - -18. Let r = d - 18. Is 13 a factor of r?
True
Let f = 113 + -71. Is 8 a factor of f?
False
Suppose 2 = i - 2. Let q = i - -11. Is 10 a factor of q?
False
Let h(c) = -4*c - 3. Let z be h(-2). Suppose 0 = z*m + k - 48, 0*m - 3*k = 2*m - 27. Is 3 a factor of m?
True
Suppose -5*l + 4*c - 11 - 26 = 0, -4*c = 8. Let v(t) = t**3 + 9*t**2 - 7*t - 8. Is 14 a factor of v(l)?
False
Suppose -90 - 43 = -w - a, -5*w = -a - 659. Is 18 a factor of w?
False
Suppose -3*q - 8750 = -j + 5*j, 4*j = 3*q + 8710. Is q/(-35) + 1/(-7) a multiple of 20?
False
Let k = 1 + 8. Suppose 3*r + f = r - 11, 0 = r - f + 4. Let h = k - r. Is 9 a factor of h?
False
Let b = -1 + 2. Let u be 6/((4 + -2)*b). Suppose 5*c + w - 99 = -17, 42 = u*c + 3*w. Is 8 a factor of c?
False
Suppose -r + 10 = 2*r - 4*n, 3*n - 12 = -r. Does 14 divide (-2 + r)/(3/36)?
False
Let k(p) = -27*p - 14. Is k(-2) a multiple of 15?
False
Let a(j) = 2*j**2 + 17*j + 33. Is 31 a factor of a(-11)?
False
Let a be 156/(-9)*(-6)/4. Let v = 16 - a. Does 6 divide (-4)/v - (-86)/10?
False
Suppose 2*r = -1 - 13. Let x(b) = -b**3 - 6*b**2 + 4*b + 4. Is 6 a factor of x(r)?
False
Suppose 2*r = 4*r - 380. Suppose -c + r = 4*c. Is 19 a factor of c?
True
Suppose 8*n = 7*n + 126. Is n a multiple of 9?
True
Suppose -x + o - 34 = -5*x, -4*o - 26 = -2*x. Is 5 a factor of ((-45)/(-6))/(x/12)?
True
Let a = -25 + 45. Does 5 divide a - -2*4/8?
False
Let q = -21 + 70. Is q a multiple of 7?
True
Suppose 4*v = v + 126. Is 7 a factor of v?
True
Suppose 4*f - 6 - 26 = 0. Is 7 a factor of f?
False
Let p = 84 - 41. Does 9 divide p?
False
Let u be (-13)/(-2) + (-1)/2. Suppose -3*r + 9 = -3*h, -u*h + 2*h = 2*r - 6. Suppose -d = -r*q - 27, 3*d - 2*q = 7*d - 94. Is 12 a factor of d?
True
Suppose -7 = -4*r + 65. Suppose t = 4*t - r. Is t even?
True
Suppose -5*c = w - 95, -w - 4*c = -118 + 21. Suppose -3*o - w = -4*j, 3*j - 77 = o + 3*o. Is 16 a factor of j?
False
Suppose 5*o - 40 = -0*o. Let f(b) = -b**3 + 9*b**2 - 6*b + 4. Is 9 a factor of f(o)?
False
Suppose -j - 2*i + 36 = 0, -i = i + 8. Does 11 divide j?
True
Suppose a + 2*a = 21. Let n(z) = 6*z - 6. Let i be n(a). Suppose 0 = -3*x + i + 21. Does 19 divide x?
True
Suppose 0*j - 111 = -3*j. Is 11 a factor of j?
False
Let q(r) = -2*r + 4. Let o be (-2 + 3)/(1/25). Suppose -5*g - o = -0. Does 7 divide q(g)?
True
Suppose 7*r - 180 = r. Is r a multiple of 5?
True
Suppose 0 = -7*h + 2*h - 15, -h - 503 = -2*d. Is 50 a factor of d?
True
Suppose 4*d - 145 = -d. Let v = d + 13. Suppose 3*s + 6 - 15 = 0, u + 4*s - v = 0. Is 15 a factor of u?
True
Let q(y) be the first derivative of y**6/120 + y**5/20 - y**4/8 - y**3/2 + y**2 - 3. Let g(o) be the second derivative of q(o). Is g(-3) a multiple of 2?
True
Let a be (3/9)/(2/24). Let f be (-1)/(-2) + 94/a. Let z = -2 + f. Is z a multiple of 10?
False
Suppose 208 = 5*t - 187. Let q = t + -36. Does 17 divide q?
False
Let s(w) = w - 10. Let g be s(7). Let l(u) = -7*u - 7. Is 7 a factor of l(g)?
True
Let v(b) = b**2 + b - 1. Suppose -3*u + 0 - 2 = -4*n, 2*n = 3*u - 2. Let a be v(u). Is 4 a factor of a*(-2)/8*-4?
False
Let o = 1865 + -1105. Suppose -p + 5*p = o. Suppose 4*r + m = 162, -5*r + 4*m + m = -p. Is r a multiple of 20?
True
Suppose 0 = g - 0*g - 15. Is g a multiple of 3?
True
Let f(x) = -x - 2. Let l be f(3). Let n(m) be the second derivative of m**4/12 - 7*m**3/6 - 7*m**2/2 - 2*m. Is 19 a factor of n(l)?
False
Let y = -239 + 511. Does 16 divide y?
True
Let y be (-2)/3 - (-33)/9. Suppose -y*w + 0*w + 9 = 0. Suppose 23 + 19 = w*o. Does 7 divide o?
True
Suppose 0*h - 2 = h. Let m be h + (-1 - -2) + -33. Let q = 66 + m. Is 13 a factor of q?
False
Let a(s) = s**3 - 10*s**2 + 10*s + 3. Let l be a(9). Is 14 a factor of 4/(-5)*(-210)/l?
True
Suppose 105 = -4*x + 405. Let f = 8 - 5. Suppose 6 = 2*c, f*d + c - x = 69. Is 19 a factor of d?
False
Suppose 8*f + 225 = 3*f. Let t = -79 - f. Let j = t + 49. Is 15 a factor of j?
True
Let o = -5 + -5. Does 9 divide (-24)/(-10)*o/(-1)?
False
Let l = 88 - 16. Does 12 divide l?
True
Suppose -52 = -5*u - 3*h, 3*u + 12 = 2*u + 5*h. Suppose -4*v + u*v = 16. Does 4 divide v?
True
Suppose 0 = 10*r + r - 176. Does 6 divide r?
False
Does 6 divide (632/(-32))/(1 + (-15)/12)?
False
Suppose -3*o - 153 = -3*r - r, 2*r = o + 79. Is 21 a factor of r?
True
Let o = 5 + 15. Let l = 5 - o. Let h = l - -25. Does 10 divide h?
True
Let i be 2/8 - (-774)/8. Suppose -5*k - i - 48 = 0. Does 15 divide 2/(-1) - (k - 3)?
True
Suppose -k + i = -4*k + 7, -4*i = k + 5. Suppose -105 = -r - 4*r. Suppose 3*o = -t + o + r, 53 = 5*t - k*o. Is 6 a factor of t?
False
Suppose 11 = -2*n + m, -5*n - 4*m - 8 = -0. Let c = n - -28. Does 13 divide c?
False
Suppose -5*f + 25 = 5*h, h - 14 = -3*f - 5. Let u be (18/(-4))/h*2. Let p(d) = 2*d**2 + d - 4. Does 5 divide p(u)?
False
Suppose 8*x + 26 = 1034. Does 21 divide x?
True
Suppose 0 = 5*c + 2*c - 329. Is c a multiple of 7?
False
